What is 113120 (base 4) in base 16?
5d8
Convert 20650 (base 8) to base 5.
233431
2395a (base 14) to base 11
5a328
What is -22111303 (base 4) in base 3?
-2011002201
What is -114524 (base 6) in base 11?
-7681
37571 (base 8) to base 12
94a1
-221122 (base 3) to base 11
-57a
What is 15 (base 9) in base 4?
32
-735a (base 12) to base 5
-400343
Convert -10010000 (base 2) to base 7.
-264
What is -744 (base 11) in base 8?
-1577
-566 (base 10) to base 14
-2c6
What is 3256 (base 7) in base 8?
2220
Convert 476 (base 13) to base 9.
1048
102122220 (base 3) to base 16
2136
What is -1106 (base 10) in base 13?
-671
-2ad (base 16) to base 11
-573
Convert 45405 (base 7) to base 10.
11520
72b (base 16) to base 9
2458
What is 6643 (base 7) in base 13?
1114
-110110010 (base 2) to base 11
-365
Convert -312 (base 4) to base 15.
-39
10532 (base 11) to base 5
442111
Convert -12c5 (base 14) to base 4.
-303231
1002203 (base 4) to base 15
13de
Convert 18676 (base 12) to base 4.
20222322
32350 (base 6) to base 10
4458
121 (base 7) to base 6
144
-7d6 (base 16) to base 12
-11b2
Convert 634b (base 12) to base 15.
333e
Convert -48a (base 11) to base 3.
-210120
Convert 42b0 (base 12) to base 2.
1110010100100
What is -122235 (base 7) in base 2?
-101011110010011
What is -1273 (base 8) in base 15?
-319
Convert 2101 (base 6) to base 7.
1240
What is 10021220 (base 3) in base 15?
aa0
What is -3822 (base 10) in base 7?
-14100
What is -19a99 (base 12) in base 14?
-db13
2561 (base 11) to base 10
3334
-141 (base 8) to base 4
-1201
What is 3c9 (base 16) in base 5?
12334
What is 2031 (base 7) in base 10?
708
Convert -261 (base 9) to base 5.
-1332
Convert 3392 (base 11) to base 6.
32345
Convert 635b (base 14) to base 7.
100644
-111211 (base 3) to base 10
-373
-44 (base 9) to base 10
-40
Convert 23202 (base 6) to base 2.
110011110010
Convert 113330 (base 5) to base 14.
1771
Convert 13403 (base 6) to base 16.
82b
What is -eedb (base 16) in base 5?
-3424042
923 (base 14) to base 10
1795
What is 758 (base 9) in base 4?
21230
What is 36254 (base 9) in base 7?
130516
Convert -100110001 (base 2) to base 14.
-17b
What is -423101 (base 5) in base 12?
-8233
Convert 153b (base 12) to base 9.
3372
What is -12441 (base 6) in base 2?
-11101101001
What is -230412 (base 5) in base 14?
-3000
What is 402 (base 5) in base 14?
74
What is -24162 (base 9) in base 15?
-4bd5
-33105 (base 8) to base 16
-3645
-4d5 (base 16) to base 12
-871
Convert 223424 (base 5) to base 2.
1111100110101
1222102 (base 3) to base 14
750
Convert -80a1 (base 11) to base 4.
-2220013
What is 822 (base 9) in base 16?
29c
Convert -1520 (base 7) to base 11.
-4a8
4253 (base 6) to base 10
969
-17711 (base 11) to base 7
-132232
-14fb (base 16) to base 4
-1103323
-3014 (base 5) to base 13
-237
What is -6cf (base 16) in base 8?
-3317
10011222 (base 3) to base 7
6524
Convert -10037 (base 11) to base 12.
-85b5
-1a77 (base 12) to base 16
-cbb
679 (base 13) to base 10
1114
Convert c13 (base 13) to base 4.
133330
-142142 (base 5) to base 4
-1130202
Convert -469 (base 12) to base 3.
-220100
What is -6754 (base 9) in base 12?
-2a7a
What is 9334 (base 11) in base 15?
3a04
-8ab8 (base 12) to base 3
-210010112
-2010202002 (base 3) to base 16
-a46f
-17162 (base 8) to base 10
-7794
Convert -621 (base 11) to base 6.
-3245
-66 (base 10) to base 3
-2110
What is 1144 (base 8) in base 4?
21210
What is cd67 (base 15) in base 10?
43522
Convert 1a5b2 (base 12) to base 5.
2220440
Convert 231323 (base 4) to base 14.
10dd
What is 869 (base 14) in base 16?
67d
Convert 173 (base 11) to base 9.
243
bb3a (base 13) to base 4
12113123
Convert 3b1 (base 15) to base 5.
11331
Convert 5870 (base 9) to base 10.
4356
What is 97a3 (base 11) in base 8?
31213
3356 (base 7) to base 9
1602
What is 140431 (base 5) in base 10?
5741
-5123 (base 8) to base 5
-41033
What is 3388 (base 14) in base 10?
8940
Convert 11469 (base 11) to base 7.
66124
-1224 (base 11) to base 12
-b13
-430b (base 16) to base 2
-100001100001011
44170 (base 10) to base 16
ac8a
Convert -80c (base 15) to base 11.
-13a8
Convert -10111212221 (base 3) to base 6.
-1252124
What is 1311032 (base 4) in base 8?
16516
Convert -7adc (base 14) to base 6.
-242522
What is -8138 (base 16) in base 10?
-33080
Convert -231 (base 7) to base 12.
-a0
What is -4711 (base 12) in base 3?
-101212211
-1547 (base 14) to base 3
-12012021
Convert 21204 (base 5) to base 6.
10341
Convert -11311121 (base 4) to base 7.
-126446
Convert 1141 (base 5) to base 6.
443
1202020 (base 4) to base 11
479a
What is -1375 (base 10) in base 12?
-967
What is 103032220 (base 4) in base 11?
541a0
What is 1865 (base 9) in base 16?
59c
What is -101101110010111 (base 2) in base 13?
-a898
What is -7326 (base 12) in base 11?
-9487
27431 (base 12) to base 10
54181
605 (base 11) to base 10
731
What is -798 (base 10) in base 14?
-410
Convert -3349 (base 10) to base 5.
-101344
Convert 110000200 (base 3) to base 10.
8766
-2001 (base 5) to base 8
-373
b19 (base 13) to base 15
856
Convert -1517 (base 8) to base 2.
-1101001111
What is 596 (base 11) in base 7?
2033
31341 (base 5) to base 2
100000110000
52014 (base 10) to base 3
2122100110
What is 21558 (base 13) in base 7?
340422
What is -39 (base 12) in base 13?
-36
What is -3722 (base 8) in base 15?
-8d7
224120 (base 5) to base 8
17543
Convert -9c9 (base 15) to base 13.
-1014
Convert 1031512 (base 6) to base 9.
76788
-101001001111 (base 2) to base 9
-3552
What is 1a1 (base 12) in base 6?
1121
What is -1120031 (base 6) in base 9?
-86221
What is -400343 (base 5) in base 4?
-3010312
Convert 27735 (base 8) to base 2.
10111111011101
Convert 1012024 (base 5) to base 8.
40202
497 (base 16) to base 12
81b
-203 (base 9) to base 7
-324
-3a (base 16) to base 12
-4a
What is -1700 (base 8) in base 2?
-1111000000
Convert -1000011101111 (base 2) to base 12.
-2613
What is 14340 (base 5) in base 15?
565
-5a61 (base 12) to base 6
-115001
What is -10001010 (base 3) in base 10?
-2217
Convert 39 (base 12) to base 3.
1200
4134 (base 5) to base 13
32b
2136 (base 16) to base 10
8502
Convert -37d0 (base 14) to base 10.
-9786
Convert 25a3 (base 15) to base 7.
32256
Convert 20439 (base 10) to base 5.
1123224
132174 (base 8) to base 12
228a4
c11 (base 14) to base 7
6621
Convert 124101 (base 5) to base 16.
1325
-7d4 (base 16) to base 14
-a32
Convert 24040 (base 7) to base 6.
44414
What is 321 (base 6) in base 11?
100
Convert -27107 (base 9) to base 5.
-1041223
What is -40a (base 15) in base 5?
-12120
12004 (base 5) to base 2
1101101111
What is 12131 (base 5) in base 7?
2446
What is -2b5c (base 15) in base 6?
-111040
Convert 1210002 (base 3) to base 12.
902
Convert 211433 (base 5) to base 15.
2198
What is 5768 (base 9) in base 2?
1000010110010
56220 (base 8) to base 14
88c8
Convert -5661 (base 8) to base 5.
-43433
541013 (base 6) to base 11
30303
What is -24224 (base 7) in base 8?
-14222
What is -643 (base 13) in base 5?
-13234
Convert 34675 (base 11) to base 15.
ec70
What is 242141 (base 5) in base 13?
416b
Convert -20164 (base 7) to base 16.
-1321
441 (base 11) to base 2
1000010001
Convert -1000 (base 3) to base 10.
-27
What is 4134032 (base 5) in base 12?
33441
Convert -2314 (base 10) to base 15.
-a44
Convert -100110 (base 2) to base 5.
-123
-418 (base 9) to base 12
-245
What is -51151 (base 6) in base 9?
-10244
What is -111011000011100 (base 2) in base 14?
-b03a
What is 103 (base 13) in base 2?
10101100
-2100200122 (base 3) to base 11
-3197a
Convert 111101100 (base 2) to base 3.
200020
What is 1617 (base 8) in base 4?
32033
120222212 (base 3) to base 16
2d8c
What is 3010001 (base 5) in base 12?
235a5
What is -125314 (base 6) in base 15?
-3661
Convert 5566 (base 8) to base 9.
4020
Convert -22a (base 16) to base 13.
-338
Convert -11102 (base 4) to base 5.
-2323
113021 (base 4) to base 7
4214
What is -110233 (base 4) in base 6?
-10051
Convert 35072 (base 12) to base 4.
101110112
15 (base 9) to base 14
10
Convert 117 (base 11) to base 14.
9d
1100000100000010 (base 2) to base 7
264024
What is -441252 (base 6) in base 11?
-25560
Convert 4b (base 14) to base 16.
43
What is -26533 (base 10) in base 16?
-67a5
What is 312011 (base 5) in base 15?
308b
What is -11320323 (base 4) in base 3?
-1020002110
-11000111011001 (base 2) to base 14
-4917
What is -1230 (bas